686.
2, 3, 6781
List the prime factors of 73819.
73819
List the prime factors of 17064.
2, 3, 79
List the prime factors of 159845.
5, 7, 4567
What are the prime factors of 1313?
13, 101
List the prime factors of 72.
2, 3
List the prime factors of 3294.
2, 3, 61
List the prime factors of 3375.
3, 5
List the prime factors of 414.
2, 3, 23
List the prime factors of 31827.
3, 103
List the prime factors of 4254.
2, 3, 709
List the prime factors of 15851.
11, 131
What are the prime factors of 579?
3, 193
What are the prime factors of 3816?
2, 3, 53
List the prime factors of 61260.
2, 3, 5, 1021
List the prime factors of 10775.
5, 431
What are the prime factors of 5804?
2, 1451
List the prime factors of 2287.
2287
What are the prime factors of 6051?
3, 2017
What are the prime factors of 1798?
2, 29, 31
What are the prime factors of 5149?
19, 271
List the prime factors of 3541.
3541
What are the prime factors of 28313?
23, 1231
List the prime factors of 127222.
2, 63611
List the prime factors of 2317.
7, 331
What are the prime factors of 23730?
2, 3, 5, 7, 113
What are the prime factors of 175583?
71, 2473
List the prime factors of 377.
13, 29
List the prime factors of 63358.
2, 79, 401
List the prime factors of 674.
2, 337
What are the prime factors of 2045?
5, 409
List the prime factors of 24375.
3, 5, 13
What are the prime factors of 3165?
3, 5, 211
What are the prime factors of 340?
2, 5, 17
What are the prime factors of 6024?
2, 3, 251
What are the prime factors of 650?
2, 5, 13
List the prime factors of 1160.
2, 5, 29
List the prime factors of 56868.
2, 3, 7, 677
List the prime factors of 331.
331
What are the prime factors of 2691?
3, 13, 23
What are the prime factors of 49727?
49727
List the prime factors of 21019.
21019
What are the prime factors of 1499?
1499
What are the prime factors of 2061?
3, 229
What are the prime factors of 18011?
7, 31, 83
List the prime factors of 28957.
23, 1259
What are the prime factors of 3016?
2, 13, 29
List the prime factors of 1243.
11, 113
What are the prime factors of 2422?
2, 7, 173
List the prime factors of 56050.
2, 5, 19, 59
What are the prime factors of 975?
3, 5, 13
What are the prime factors of 13634?
2, 17, 401
What are the prime factors of 3046?
2, 1523
List the prime factors of 9610.
2, 5, 31
List the prime factors of 1188.
2, 3, 11
List the prime factors of 4341.
3, 1447
List the prime factors of 3971.
11, 19
What are the prime factors of 2070?
2, 3, 5, 23
What are the prime factors of 3702?
2, 3, 617
What are the prime factors of 80358?
2, 3, 59, 227
List the prime factors of 60118.
2, 30059
List the prime factors of 315.
3, 5, 7
List the prime factors of 2976.
2, 3, 31
What are the prime factors of 20409?
3, 6803
What are the prime factors of 357?
3, 7, 17
What are the prime factors of 6835?
5, 1367
List the prime factors of 14926.
2, 17, 439
List the prime factors of 899.
29, 31
List the prime factors of 37984.
2, 1187
What are the prime factors of 662?
2, 331
List the prime factors of 1483.
1483
What are the prime factors of 9297?
3, 1033
What are the prime factors of 39243?
3, 103, 127
List the prime factors of 9024.
2, 3, 47
What are the prime factors of 11659?
89, 131
List the prime factors of 8459.
11, 769
List the prime factors of 1217.
1217
List the prime factors of 88218.
2, 3, 13, 29
List the prime factors of 3676.
2, 919
What are the prime factors of 1535?
5, 307
What are the prime factors of 134894?
2, 67447
What are the prime factors of 121?
11
List the prime factors of 1155.
3, 5, 7, 11
What are the prime factors of 761?
761
List the prime factors of 20249.
20249
List the prime factors of 60781.
7, 19, 457
What are the prime factors of 1108?
2, 277
List the prime factors of 3163.
3163
What are the prime factors of 484?
2, 11
List the prime factors of 254.
2, 127
List the prime factors of 9651.
3, 3217
List the prime factors of 1307.
1307
What are the prime factors of 9239?
9239
List the prime factors of 12181.
13, 937
What are the prime factors of 1175?
5, 47
List the prime factors of 5659.
5659
List the prime factors of 29927.
29927
What are the prime factors of 2072?
2, 7, 37
List the prime factors of 7682.
2, 23, 167
What are the prime factors of 11151?
3, 7, 59
What are the prime factors of 10898?
2, 5449
List the prime factors of 4272.
2, 3, 89
List the prime factors of 3140.
2, 5, 157
List the prime factors of 8124.
2, 3, 677
List the prime factors of 3312.
2, 3, 23
What are the prime factors of 564?
2, 3, 47
List the prime factors of 1117.
1117
What are the prime factors of 332?
2, 83
List the prime factors of 11366.
2, 5683
What are the prime factors of 5542?
2, 17, 163
List the prime factors of 18749.
18749
What are the prime factors of 110826?
2, 3, 47, 131
What are the prime factors of 5750?
2, 5, 23
List the prime factors of 4674.
2, 3, 19, 41
What are the prime factors of 5076?
2, 3, 47
What are the prime factors of 884?
2, 13, 17
What are the prime factors of 3839?
11, 349
List the prime factors of 7685.
5, 29, 53
What are the prime factors of 5020?
2, 5, 251
What are the prime factors of 571?
571
What are the prime factors of 134848?
2, 7, 43
List the prime factors of 17076.
2, 3, 1423
What are the prime factors of 42983?
53, 811
List the prime factors of 77.
7, 11
List the prime factors of 6688.
2, 11, 19
List the prime factors of 1596.
2, 3, 7, 19
What are the prime factors of 55150?
2, 5, 1103
What are the prime factors of 58392?
2, 3, 811
What are the prime factors of 12992?
2, 7, 29
List the prime factors of 13384.
2, 7, 239
List the prime factors of 104078.
2, 13, 4003
What are the prime factors of 275?
5, 11
List the prime factors of 6301.
6301
List the prime factors of 1733.
1733
List the prime factors of 102687.
3, 13, 2633
List the prime factors of 34660.
2, 5, 1733
List the prime factors of 783.
3, 29
List the prime factors of 2157.
3, 719
What are the prime factors of 1031?
1031
List the prime factors of 1770.
2, 3, 5, 59
What are the prime factors of 4557?
3, 7, 31
List the prime factors of 3684.
2, 3, 307
List the prime factors of 57932.
2, 7, 2069
List the prime factors of 24510.
2, 3, 5, 19, 43
List the prime factors of 16873.
47, 359
List the prime factors of 3194.
2, 1597
What are the prime factors of 5329?
73
List the prime factors of 2334.
2, 3, 389
What are the prime factors of 2503?
2503
What are the prime factors of 30038?
2, 23, 653
List the prime factors of 8901.
3, 23, 43
What are the prime factors of 4460?
2, 5, 223
What are the prime factors of 3273?
3, 1091
List the prime factors of 1016.
2, 127
List the prime factors of 6468.
2, 3, 7, 11
List the prime factors of 1903.
11, 173
List the prime factors of 814.
2, 11, 37
List the prime factors of 5086.
2, 2543
What are the prime factors of 1240?
2, 5, 31
List the prime factors of 79.
79
List the prime factors of 51511.
51511
List the prime factors of 1661.
11, 151
List the prime factors of 31032.
2, 3, 431
List the prime factors of 1779.
3, 593
List the prime factors of 9684.
2, 3, 269
What are the prime factors of 40509?
3, 7, 643
List the prime factors of 904.
2, 113
List the prime factors of 1136.
2, 71
List the prime factors of 11721.
3, 3907
List the prime factors of 100107.
3, 7, 227
What are the prime factors of 7712?
2, 241
List the prime factors of 30902.
2, 15451
List the prime factors of 8746.
2, 4373
What are the prime factors of 694?
2, 347
What are the prime factors of 355?
5, 71
List the prime factors of 25896.
2, 3, 13, 83
List the prime factors of 5158.
2, 2579
What are the prime factors of 1583?
1583
List the prime factors of 69529.
23, 3023
What are the prime factors of 2323?
23, 101
What are the prime factors of 1214?
2, 607
List the prime factors of 2122.
2, 1061
List the prime factors of 7109.
7109
What are the prime factors of 2303?
7, 47
List the prime factors of 15977.
13, 1229
What are the prime factors of 308?
2, 7, 11
List the prime factors of 160250.
2, 5, 641
What are the prime factors of 41366?
2, 13, 37, 43
List the prime factors of 52959.
3, 127, 139
What are the prime factors of 32665?
5, 47, 139
List the prime factors of 24604.
2, 6151
What are the prime factors of 6988?
2, 1747
What are the prime factors of 6995?
5, 1399
What are the prime factors of